mber?
False
Is 66893 prime?
False
Is 7393 prime?
True
Is 912031 a composite number?
False
Is 2426 composite?
True
Is 913 composite?
True
Is 27791 a prime number?
True
Is 1239227 prime?
False
Is 144853 a composite number?
True
Is 7093 a composite number?
True
Is 23665 composite?
True
Is 23099 composite?
False
Is 5317 prime?
False
Is 4907 a prime number?
False
Is 180599 a prime number?
False
Is 8767 composite?
True
Is 73257 a composite number?
True
Is 44071 a prime number?
True
Is 19199 a prime number?
False
Is 29333 a composite number?
False
Is 174247 prime?
False
Is 90089 prime?
True
Is 8915 composite?
True
Is 22343 a composite number?
False
Is 35693 prime?
False
Is 631 composite?
False
Is 65957 a composite number?
False
Is 150901 composite?
False
Is 251761 prime?
True
Is 301027 a prime number?
True
Is 6074 prime?
False
Is 479231 composite?
False
Is 82003 prime?
True
Is 3643 a prime number?
True
Is 181499 composite?
False
Is 24233 a composite number?
True
Is 375899 composite?
False
Is 552581 a composite number?
False
Is 2231 prime?
False
Is 55799 a prime number?
True
Is 44615 a composite number?
True
Is 209353 composite?
False
Is 24861 composite?
True
Is 8903 prime?
False
Is 28837 prime?
True
Is 40897 a prime number?
True
Is 221933 a composite number?
True
Is 26153 a composite number?
False
Is 128657 composite?
False
Is 13227 composite?
True
Is 253469 a prime number?
True
Is 74741 a prime number?
False
Is 486121 composite?
True
Is 2042 prime?
False
Is 127817 composite?
False
Is 486709 a prime number?
False
Is 19291 a composite number?
True
Is 59293 composite?
True
Is 37397 a prime number?
True
Is 151769 a prime number?
True
Is 2554 a composite number?
True
Is 658169 composite?
False
Is 383219 a composite number?
False
Is 35609 a composite number?
True
Is 111 prime?
False
Is 41579 a composite number?
False
Is 15551 a prime number?
True
Is 2707 composite?
False
Is 18119 prime?
True
Is 587 prime?
True
Is 7118159 a prime number?
True
Is 198483 a composite number?
True
Is 156307 a prime number?
True
Is 47711 prime?
True
Is 7661 prime?
False
Is 4369 a prime number?
False
Is 15469 a composite number?
True
Is 863669 a composite number?
True
Is 11333 a composite number?
True
Is 2323 a prime number?
False
Is 43211 a prime number?
False
Is 89041 a composite number?
False
Is 3631 a prime number?
True
Is 4083 a composite number?
True
Is 104459 a composite number?
False
Is 17807 prime?
True
Is 8537 prime?
True
Is 399719 prime?
True
Is 557 a composite number?
False
Is 56237 prime?
True
Is 15859 prime?
True
Is 225007 a composite number?
True
Is 4177 a composite number?
False
Is 24194 a prime number?
False
Is 370843 a composite number?
True
Is 31949 composite?
True
Is 57557 prime?
True
Is 1774207 a composite number?
False
Is 91697 prime?
False
Is 2020091 composite?
False
Is 2798 composite?
True
Is 5807 prime?
True
Is 290923 composite?
False
Is 326927 a composite number?
True
Is 850453 composite?
False
Is 25855 a prime number?
False
Is 3691 a composite number?
False
Is 4562 prime?
False
Is 59937 a prime number?
False
Is 20287 a composite number?
False
Is 1171 prime?
True
Is 53135 a composite number?
True
Is 75103 a prime number?
False
Is 28789 prime?
True
Is 13537 composite?
False
Is 917 composite?
True
Is 1042997 a prime number?
True
Is 240742 a composite number?
True
Is 22817 a composite number?
False
Is 4327 a prime number?
True
Is 169 a composite number?
True
Is 156979 composite?
False
Is 254197 a prime number?
True
Is 14779 composite?
False
Is 11559 a composite number?
True
Is 273382 prime?
False
Is 26513 composite?
False
Is 30021 a composite number?
True
Is 676007 a composite number?
False
Is 9607 composite?
True
Is 4637 a prime number?
True
Is 87487 a composite number?
True
Is 88697 composite?
True
Is 690909 composite?
True
Is 7621 a composite number?
False
Is 1801 a prime number?
True
Is 9655 composite?
True
Is 169567 a prime number?
True
Is 77537 composite?
True
Is 411302 composite?
True
Is 31399 composite?
True
Is 12007 a prime number?
True
Is 40633 a prime number?
False
Is 19858 composite?
True
Is 51941 composite?
False
Is 50185 prime?
False
Is 78619 prime?
False
Is 15191 composite?
True
Is 200551 composite?
True
Is 280414 a composite number?
True
Is 133801 prime?
True
Is 204779 composite?
True
Is 159207 prime?
False
Is 1941 a prime number?
False
Is 3869 composite?
True
Is 255613 a prime number?
True
Is 236219 composite?
False
Is 219113 a prime number?
False
Is 799261 a composite number?
True
Is 28513 a composite number?
False
Is 12633 composite?
True
Is 66287 composite?
True
Is 21103 composite?
True
Is 105566 a composite number?
True
Is 1639 prime?
False
Is 22613 composite?
False
Is 77069 a composite number?
False
Is 1649 composite?
True
Is 87977 a composite number?
False
Is 1337 a prime number?
False
Is 1543783 a prime number?
False
Is 9727 a prime number?
False
Is 6373 composite?
False
Is 89753 prime?
True
Is 1671889 a prime number?
False
Is 170239 a composite number?
False
Is 33961 a composite number?
False
Is 389 a prime number?
True
Is 1717 composite?
True
Is 27733 a composite number?
False
Is 14971 a composite number?
True
Is 111 a composite number?
True
Is 46439 a composite number?
False
Is 1695327 a prime number?
False
Is 387355 a prime number?
False
Is 218761 composite?
False
Is 8698 composite?
True
Is 92273 a prime number?
False
Is 168949 prime?
False
Is 2625593 a prime number?
False
Is 32161 a prime number?
False
Is 74377 a composite number?
False
Is 98633 a prime number?
False
Is 1278323 composite?
False
Is 1657 composite?
False
Is 218245 a prime number?
False
Is 516535 composite?
True
Is 78635 prime?
False
Is 1057739 a composite number?
False
Is 34667 composite?
False
Is 1062961 a composite number?
True
Is 752569 a composite number?
False
Is 58523 a composite number?
True
Is 272819 prime?
False
Is 743 a composite number?
False
Is 11969 composite?
False
Is 15971 a composite number?
False
Is 3799 a composite number?
True
Is 25427 a composite number?
True
Is 5701 a prime number?
True
Is 825665 a prime number?
False
Is 478319 a composite number?
True
Is 826843 composite?
True
Is 136691 prime?
True
Is 445183 prime?
True
Is 143123 a composite number?
True
Is 162509 a composite number?
True
Is 1246013 prime?
True
Is 33665 a prime number?
False
Is 1283063 composite?
False
Is 95762 a prime number?
False
Is 47699 a prime number?
True
Is 45161 a prime number?
True
Is 170915 a prime number?
False
Is 26557 prime?
True
Is 26027 composite?
True
Is 21079 composite?
True
Is 62 a composite number?
True
Is 22013 prime?
True
Is 1399 composite?
False
Is 40343 prime?
True
Is 43391 composite?
False
Is 558929 composite?
True
Is 2798 a prime number?
False
Is 5497 prime?
False
Is 6121 a prime number?
True
Is 206291 a composite number?
False
Is 6595 composite?
True
Is 4265 a composite number?
True
Is 727399 a composite number?
False
Is 13327 composite?
False
Is 375629 composite?
True
Is 150527 composite?
True
Is 61627 a prime number?
True
Is 3371867 a composite number?
False
Is 244849 a composite number?
True
Is 541 prime?
True
Is 26491 prime?
False
Is 712783 a prime number?
False
Is 91229 a composite number?
False
Is 678157 a composite number?
False
Is 313471 a prime number?
True
Is 141601 a composite number?
False
Is 1546177 a composite number?
True
Is 6457 composite?
True
Is 18899 prime?
True
Is 1213 a prime number?
True
Is 4501 a composite number?
True
Is 16787 a prime number?
True
Is 141311 a prime number?
True
Is 361 a prime number?
False
Is 289337 a composite number?
True
Is 163067 prime?
False
Is 16759 prime?
True
Is 128965 prime?
False
Is 12929 a prime number?
False
Is 53473 a prime number?
False
Is 2371 a composite number?
False
Is 33791 a prime number?
True
Is 31511 a composite number?
False
Is 11303 a prime number?
False
Is 176131 a composite number?
True
Is 797 composite?
False
Is 8143 a prime number?
False
Is 214913 composite?
False
Is 244867 composite?
True
Is 2657 a prime number?
True
Is 694 a prime number?
False
Is 146399 composite?
True
Is 19059 prime?
False
Is 328611 a prime number?
False
Is 5585 a composite number?
True
Is 15541 a prime number?
True
Is 2699 a prime number?
True
Is 23105 composite?
True
Is 13613 composite?
False
Is 600931 